site?
True
Is 43497487 prime?
False
Is 546536243 a composite number?
True
Is 23515357 a composite number?
False
Is 270877 a prime number?
False
Is 132765577 a prime number?
False
Is 4334087 prime?
True
Is 53987779 a composite number?
False
Is 443299 a prime number?
False
Is 23807533 composite?
True
Is 6311077 prime?
False
Is 4156835 prime?
False
Is 7793669 prime?
False
Is 9581333 composite?
True
Is 382935599 a prime number?
False
Is 1021019 prime?
True
Is 5245337 prime?
False
Is 14951257 composite?
True
Is 188267179 composite?
False
Is 105107521 composite?
False
Is 5153059 composite?
True
Is 7465659 a prime number?
False
Is 82614121 a composite number?
True
Is 19038907 a prime number?
True
Is 2609591 a prime number?
False
Is 99298159 composite?
False
Is 7789531 prime?
True
Is 2299343 composite?
True
Is 1139581 a composite number?
True
Is 39609527 a prime number?
False
Is 27973549 composite?
False
Is 407567 a composite number?
False
Is 14612079 a prime number?
False
Is 366906739 prime?
False
Is 17683747 composite?
False
Is 2363341 a composite number?
True
Is 37115803 a composite number?
False
Is 7613699 a composite number?
True
Is 3907439 composite?
True
Is 2534929 a composite number?
True
Is 4584199 composite?
True
Is 8791637 composite?
False
Is 20891783 prime?
False
Is 1027099 prime?
False
Is 14036501 a composite number?
False
Is 6621577 a composite number?
True
Is 11072999 a composite number?
True
Is 489251297 composite?
True
Is 30515621 prime?
True
Is 315817 prime?
False
Is 9622421 composite?
False
Is 969233 composite?
False
Is 133013 prime?
True
Is 35455961 prime?
True
Is 63557623 a composite number?
False
Is 15547355 a composite number?
True
Is 309383 prime?
False
Is 2623363 prime?
False
Is 342002359 composite?
True
Is 19644983 prime?
True
Is 5741261 composite?
False
Is 8011247 prime?
True
Is 390007 a prime number?
False
Is 153249829 a prime number?
False
Is 107365001 prime?
True
Is 2055985 composite?
True
Is 1889467 composite?
True
Is 33704357 prime?
True
Is 1038119 a composite number?
False
Is 46559551 composite?
True
Is 366973181 composite?
False
Is 380692247 composite?
True
Is 8289562 a prime number?
False
Is 33133367 prime?
False
Is 2258713 a composite number?
False
Is 72915241 a prime number?
False
Is 105962237 prime?
True
Is 32387897 a composite number?
False
Is 397076579 composite?
False
Is 33594937 prime?
False
Is 1197199 a prime number?
True
Is 460993153 a prime number?
False
Is 25608907 a composite number?
True
Is 1447777 composite?
False
Is 1389449 a composite number?
True
Is 263593937 prime?
False
Is 7225091 prime?
True
Is 5042801 prime?
False
Is 5262437 prime?
True
Is 39938498 prime?
False
Is 646199 a composite number?
False
Is 1844567 a prime number?
True
Is 900539 a composite number?
False
Is 24884935 composite?
True
Is 1033761 a prime number?
False
Is 7107769 a prime number?
True
Is 261319837 composite?
False
Is 12863423 prime?
False
Is 7497569 a prime number?
False
Is 8652697 composite?
False
Is 290477 prime?
False
Is 225828479 prime?
False
Is 473582273 a composite number?
False
Is 7378673 composite?
True
Is 3814463 a prime number?
False
Is 1004447 prime?
False
Is 193981663 a composite number?
True
Is 1592387 a composite number?
False
Is 148011321 composite?
True
Is 123559 composite?
True
Is 81336631 prime?
True
Is 23487017 prime?
True
Is 7997137 a composite number?
True
Is 3793567 a prime number?
False
Is 82172047 a prime number?
True
Is 44954629 a composite number?
True
Is 3018671 composite?
True
Is 479333 a composite number?
True
Is 99841741 a prime number?
False
Is 61228721 a prime number?
True
Is 1236360733 a prime number?
False
Is 69887459 a prime number?
False
Is 23315771 prime?
True
Is 4255117 prime?
False
Is 67840771 prime?
False
Is 7630939 prime?
True
Is 76566593 a composite number?
False
Is 91252663 prime?
False
Is 10169867 a prime number?
True
Is 102090983 a prime number?
True
Is 10383467 prime?
True
Is 1801489 a prime number?
True
Is 587631827 prime?
True
Is 41649053 composite?
False
Is 1047089 prime?
True
Is 476401717 a prime number?
False
Is 3985367 a prime number?
False
Is 1250513 a composite number?
True
Is 68007 prime?
False
Is 11411633 prime?
True
Is 421759 a composite number?
True
Is 2375531 a prime number?
False
Is 4072657 composite?
True
Is 98269 a prime number?
True
Is 3512389 a prime number?
True
Is 2487481 prime?
True
Is 49708369 composite?
True
Is 261289751 a prime number?
True
Is 142462097 prime?
False
Is 6794357 a composite number?
False
Is 122179411 prime?
False
Is 1194097 composite?
True
Is 593367877 a composite number?
False
Is 428445353 composite?
True
Is 10646473 a composite number?
False
Is 1576951 composite?
False
Is 22480123 a composite number?
False
Is 8860453 a composite number?
True
Is 7303091 a prime number?
True
Is 166811969 prime?
True
Is 22019303 a composite number?
True
Is 28448617 a prime number?
False
Is 135515819 prime?
True
Is 827707 prime?
False
Is 37918511 a composite number?
True
Is 247653283 a prime number?
True
Is 40153343 prime?
True
Is 18306413 a prime number?
False
Is 27197557 composite?
False
Is 6568967 composite?
False
Is 232154773 a composite number?
True
Is 10763699 composite?
False
Is 924059 a prime number?
True
Is 70179991 prime?
False
Is 76265159 a prime number?
True
Is 7380183 prime?
False
Is 14807321 a composite number?
False
Is 4110887 composite?
True
Is 5577883 composite?
True
Is 298847579 a prime number?
False
Is 1502731 a prime number?
False
Is 19109903 prime?
False
Is 585887873 composite?
False
Is 1123063 a prime number?
False
Is 74632877 a prime number?
False
Is 824099 a prime number?
True
Is 6111871 a composite number?
True
Is 146623331 prime?
True
Is 51624503 composite?
True
Is 706721 a prime number?
False
Is 5309209 a prime number?
False
Is 48928766 composite?
True
Is 11378222 composite?
True
Is 14958103 a composite number?
False
Is 409086443 composite?
False
Is 5048821 composite?
False
Is 664865947 composite?
False
Is 7473541 composite?
False
Is 753980642 a prime number?
False
Is 2609021 a prime number?
True
Is 222250271 composite?
False
Is 78865243 composite?
False
Is 670829 a composite number?
True
Is 148645423 a prime number?
False
Is 5304587 composite?
False
Is 86113987 a composite number?
False
Is 116059819 a composite number?
False
Is 15022963 prime?
True
Is 2005441 a composite number?
False
Is 14794393 composite?
True
Is 43607429 composite?
False
Is 87537929 composite?
False
Is 39175217 a composite number?
False
Is 301384319 prime?
True
Is 5105141 prime?
True
Is 835207 a prime number?
True
Is 50807243 prime?
False
Is 20347511 composite?
False
Is 33239051 a composite number?
False
Is 1106449823 prime?
True
Is 56569 a composite number?
False
Is 754503 a composite number?
True
Is 61473941 a prime number?
True
Is 164597799 a composite number?
True
Is 23224101 a prime number?
False
Is 120499903 composite?
False
Is 2587441 composite?
False
Is 8657111 a composite number?
False
Is 6304849 a prime number?
False
Is 15509519 prime?
False
Is 160432997 a composite number?
False
Is 20630543 composite?
False
Is 9646181 a prime number?
False
Is 1256881 composite?
True
Is 33021129 composite?
True
Is 39158323 composite?
True
Is 2354307161 a prime number?
True
Is 197429371 prime?
True
Is 27060613 a prime number?
False
Is 149010038 prime?
False
Is 4308271 composite?
True
Is 26342209 a prime number?
True
Is 11730171 composite?
True
Is 10334473 a prime number?
False
Is 2030857 a composite number?
True
Is 105371 a prime number?
False
Is 25906927 prime?
True
Is 734710649 prime?
True
Is 5457247 a composite number?
True
Is 3588331 composite?
True
Is 118517099 a prime number?
False
Is 5329099 a composite number?
False
Is 512957 composite?
True
Is 25476719 composite?
False
Is 14754643 prime?
True
Is 558059213 composite?
False
Is 2875841 a composite number?
True
Is 328407703 a composite number?
True
Is 180396334 a composite number?
True
Is 9206627 composite?
False
Is 1573771 a composite number?
False
Is 23711327 composite?
True
Is 4270603 composite?
False
Is 173687669 composite?
False
Is 11118603 a prime number?
False
Is 9880921 prime?
True
Is 28430635 a prime number?
False
Is 16969297 composite?
True
Is 32460343 a composite number?
False
Is 39047969 a prime numbe